{"id":171,"date":"2019-01-29T01:45:24","date_gmt":"2019-01-29T01:45:24","guid":{"rendered":"http:\/\/onken.info\/?page_id=171"},"modified":"2019-02-13T17:58:17","modified_gmt":"2019-02-13T17:58:17","slug":"onken-360l","status":"publish","type":"page","link":"https:\/\/onken.info\/?page_id=171","title":{"rendered":"Onken 360L"},"content":{"rendered":"\n<ul class=\"wp-block-list\"><li><a href=\"https:\/\/onken.info\/realisation-de-lenceinte-grave-onken\/\">R\u00e9alisation de l&rsquo;enceinte grave Onken<\/a><\/li><li><a href=\"https:\/\/onken.info\/lecoute-du-systeme-onken-mahul\/\">L&rsquo;\u00e9coute du syst\u00e8me Onken-Mahul<\/a><\/li><li><a href=\"https:\/\/onken.info\/les-dernieres-ameliorations-du-systeme-onken-mahul-j-mahul\/\">Les derni\u00e8res am\u00e9liorations du syst\u00e8me Onken-Mahul<\/a><\/li><li><a href=\"https:\/\/onken.info\/le-systeme-audiophile-avril-1980\/\">Le syst\u00e8me Audiophile avril 1980<\/a><\/li><li><a href=\"https:\/\/onken.info\/reflexions-sur-la-realisation-des-caissons-onken\/\">R\u00e9flexions sur la r\u00e9alisation des caissons Onken<\/a><\/li><li><a href=\"https:\/\/onken.info\/onken-86\/\">Onken 86<\/a><\/li><\/ul>\n\n\n\n<p><\/p>\n","protected":false},"excerpt":{"rendered":"<p>R\u00e9alisation de l&rsquo;enceinte grave Onken L&rsquo;\u00e9coute du syst\u00e8me Onken-Mahul Les derni\u00e8res am\u00e9liorations du syst\u00e8me Onken-Mahul Le syst\u00e8me Audiophile avril 1980 R\u00e9flexions sur la r\u00e9alisation des caissons Onken Onken 86<\/p>\n","protected":false},"author":1,"featured_media":0,"parent":0,"menu_order":0,"comment_status":"closed","ping_status":"closed","template":"","meta":{"footnotes":""},"class_list":["post-171","page","type-page","status-publish","hentry"],"_links":{"self":[{"href":"https:\/\/onken.info\/index.php?rest_route=\/wp\/v2\/pages\/171","targetHints":{"allow":["GET"]}}],"collection":[{"href":"https:\/\/onken.info\/index.php?rest_route=\/wp\/v2\/pages"}],"about":[{"href":"https:\/\/onken.info\/index.php?rest_route=\/wp\/v2\/types\/page"}],"author":[{"embeddable":true,"href":"https:\/\/onken.info\/index.php?rest_route=\/wp\/v2\/users\/1"}],"replies":[{"embeddable":true,"href":"https:\/\/onken.info\/index.php?rest_route=%2Fwp%2Fv2%2Fcomments&post=171"}],"version-history":[{"count":7,"href":"https:\/\/onken.info\/index.php?rest_route=\/wp\/v2\/pages\/171\/revisions"}],"predecessor-version":[{"id":658,"href":"https:\/\/onken.info\/index.php?rest_route=\/wp\/v2\/pages\/171\/revisions\/658"}],"wp:attachment":[{"href":"https:\/\/onken.info\/index.php?rest_route=%2Fwp%2Fv2%2Fmedia&parent=171"}],"curies":[{"name":"wp","href":"https:\/\/api.w.org\/{rel}","templated":true}]}}