{"id":104,"date":"2019-01-28T10:45:11","date_gmt":"2019-01-28T10:45:11","guid":{"rendered":"http:\/\/onken.info\/?page_id=104"},"modified":"2019-01-30T02:19:39","modified_gmt":"2019-01-30T02:19:39","slug":"os-5000t","status":"publish","type":"page","link":"https:\/\/onken.info\/?page_id=104","title":{"rendered":"OS-5000T"},"content":{"rendered":"\n<p>Tweeter \u00e0 chambre de compression:<\/p>\n\n\n\n<ul class=\"wp-block-list\"><li>4 kHz \u00e0 21kHz<\/li><li>Fr\u00e9quence de coupure recommand\u00e9e: 8 kHz<\/li><li>8 Ohms<\/li><li>105 dB\/ 1 W\/ 1 m<\/li><li>Membrane titane 1,8 cm de diam\u00e8tre et 8 microns d&rsquo;\u00e9paisseur<\/li><li>23 000 gauss<\/li><li>6 kg<\/li><li>Prix original: 145 000 Yens<\/li><\/ul>\n\n\n\n<p><\/p>\n\n\n\n<figure class=\"wp-block-image\"><img loading=\"lazy\" decoding=\"async\" width=\"768\" height=\"1024\" src=\"http:\/\/onken.info\/wp-content\/uploads\/2019\/01\/Catalogue-Onken-1-768x1024.jpg\" alt=\"\" class=\"wp-image-206\" srcset=\"https:\/\/onken.info\/wp-content\/uploads\/2019\/01\/Catalogue-Onken-1-768x1024.jpg 768w, https:\/\/onken.info\/wp-content\/uploads\/2019\/01\/Catalogue-Onken-1-225x300.jpg 225w, https:\/\/onken.info\/wp-content\/uploads\/2019\/01\/Catalogue-Onken-1.jpg 1417w\" sizes=\"auto, (max-width: 768px) 100vw, 768px\" \/><figcaption>Catalogue Onken pr\u00e9sentant le tweeter OS-5000T en haut de page<br><br><\/figcaption><\/figure>\n\n\n\n<figure class=\"wp-block-image\"><img loading=\"lazy\" decoding=\"async\" width=\"768\" height=\"1024\" src=\"http:\/\/onken.info\/wp-content\/uploads\/2019\/01\/Catalogue-Onken-2-768x1024.jpg\" alt=\"\" class=\"wp-image-221\" srcset=\"https:\/\/onken.info\/wp-content\/uploads\/2019\/01\/Catalogue-Onken-2-768x1024.jpg 768w, https:\/\/onken.info\/wp-content\/uploads\/2019\/01\/Catalogue-Onken-2-225x300.jpg 225w, https:\/\/onken.info\/wp-content\/uploads\/2019\/01\/Catalogue-Onken-2.jpg 1134w\" sizes=\"auto, (max-width: 768px) 100vw, 768px\" \/><figcaption>Mesures du tweeter OS-5000T en moiti\u00e9 sup\u00e9rieure de page<br><br><\/figcaption><\/figure>\n","protected":false},"excerpt":{"rendered":"<p>Tweeter \u00e0 chambre de compression: 4 kHz \u00e0 21kHz Fr\u00e9quence de coupure recommand\u00e9e: 8 kHz 8 Ohms 105 dB\/ 1 W\/ 1 m Membrane titane 1,8 cm de diam\u00e8tre et <a class=\"more-link\" href=\"https:\/\/onken.info\/?page_id=104\">Continuer la lecture \u2192<\/a><\/p>\n","protected":false},"author":1,"featured_media":0,"parent":0,"menu_order":0,"comment_status":"closed","ping_status":"closed","template":"","meta":{"footnotes":""},"class_list":["post-104","page","type-page","status-publish","hentry"],"_links":{"self":[{"href":"https:\/\/onken.info\/index.php?rest_route=\/wp\/v2\/pages\/104","targetHints":{"allow":["GET"]}}],"collection":[{"href":"https:\/\/onken.info\/index.php?rest_route=\/wp\/v2\/pages"}],"about":[{"href":"https:\/\/onken.info\/index.php?rest_route=\/wp\/v2\/types\/page"}],"author":[{"embeddable":true,"href":"https:\/\/onken.info\/index.php?rest_route=\/wp\/v2\/users\/1"}],"replies":[{"embeddable":true,"href":"https:\/\/onken.info\/index.php?rest_route=%2Fwp%2Fv2%2Fcomments&post=104"}],"version-history":[{"count":5,"href":"https:\/\/onken.info\/index.php?rest_route=\/wp\/v2\/pages\/104\/revisions"}],"predecessor-version":[{"id":260,"href":"https:\/\/onken.info\/index.php?rest_route=\/wp\/v2\/pages\/104\/revisions\/260"}],"wp:attachment":[{"href":"https:\/\/onken.info\/index.php?rest_route=%2Fwp%2Fv2%2Fmedia&parent=104"}],"curies":[{"name":"wp","href":"https:\/\/api.w.org\/{rel}","templated":true}]}}